{"id":60,"date":"2018-09-10T14:20:28","date_gmt":"2018-09-10T14:20:28","guid":{"rendered":"https:\/\/demo.cocobasic.com\/seppo-wp\/?page_id=60"},"modified":"2022-02-02T03:15:02","modified_gmt":"2022-02-02T03:15:02","slug":"etapas","status":"publish","type":"page","link":"https:\/\/energiaadebate.com\/due2022\/etapas\/","title":{"rendered":"Etapas"},"content":{"rendered":"<p>[vc_row][vc_column][vc_column_text]<\/p>\n<h3><span style=\"color: #00136a;\"><strong>El Debate Universitario de Energ\u00eda 2022.<\/strong><\/span><\/h3>\n<p>[\/vc_column_text][vc_row_inner][vc_column_inner width=\u00bb1\/3&#8243;][vc_column_text css_animation=\u00bbbounceIn\u00bb]<img loading=\"lazy\" decoding=\"async\" class=\"alignnone size-full wp-image-595\" src=\"https:\/\/energiaadebate.com\/due2022\/wp-content\/uploads\/2022\/01\/p2-2.png\" alt=\"\" width=\"398\" height=\"346\" srcset=\"https:\/\/energiaadebate.com\/due2022\/wp-content\/uploads\/2022\/01\/p2-2.png 398w, https:\/\/energiaadebate.com\/due2022\/wp-content\/uploads\/2022\/01\/p2-2-300x261.png 300w\" sizes=\"auto, (max-width: 398px) 100vw, 398px\" \/>[\/vc_column_text][vc_column_text]<strong>I. Inscripci\u00f3n<\/strong><\/p>\n<p>Durante la etapa de inscripci\u00f3n, los equipos deber\u00e1n elaborar y enviar una <strong>Propuesta de Pol\u00edtica P\u00fablica<\/strong> \u00ab<em>Policy Brief<\/em>\u00bb que atienda los cinco retos del sector el\u00e9ctrico mexicano que se encuentran en la<span style=\"color: #0000ff;\"><a style=\"color: #0000ff;\" href=\"https:\/\/energiaadebate.com\/due2022\/bases.pdf\" target=\"_blank\" rel=\"noopener\"> Gu\u00eda de Participantes<\/a> <\/span>y grabar un video de m\u00e1ximo un minuto que describa los puntos m\u00e1s importantes de su propuesta.[\/vc_column_text][\/vc_column_inner][vc_column_inner width=\u00bb1\/3&#8243;][vc_column_text css_animation=\u00bbbounceIn\u00bb]<img loading=\"lazy\" decoding=\"async\" class=\"alignnone size-full wp-image-596\" src=\"https:\/\/energiaadebate.com\/due2022\/wp-content\/uploads\/2022\/01\/P3-2.png\" alt=\"\" width=\"398\" height=\"346\" srcset=\"https:\/\/energiaadebate.com\/due2022\/wp-content\/uploads\/2022\/01\/P3-2.png 398w, https:\/\/energiaadebate.com\/due2022\/wp-content\/uploads\/2022\/01\/P3-2-300x261.png 300w\" sizes=\"auto, (max-width: 398px) 100vw, 398px\" \/>[\/vc_column_text][vc_column_text]<strong>II. Evaluaci\u00f3n y selecci\u00f3n de finalistas<\/strong><\/p>\n<p>Un jurado integrado por representantes acad\u00e9micos, organizaciones y empresas, seleccionar\u00e1n las mejores <strong>Propuestas de Pol\u00edtica P\u00fablica<\/strong> como finalistas de acuerdo con los criterios establecidos en las presentes bases.[\/vc_column_text][\/vc_column_inner][vc_column_inner width=\u00bb1\/3&#8243;][vc_column_text css_animation=\u00bbbounceIn\u00bb]<img loading=\"lazy\" decoding=\"async\" class=\"alignnone size-full wp-image-601\" src=\"https:\/\/energiaadebate.com\/due2022\/wp-content\/uploads\/2022\/01\/p1-3.png\" alt=\"\" width=\"398\" height=\"346\" srcset=\"https:\/\/energiaadebate.com\/due2022\/wp-content\/uploads\/2022\/01\/p1-3.png 398w, https:\/\/energiaadebate.com\/due2022\/wp-content\/uploads\/2022\/01\/p1-3-300x261.png 300w\" sizes=\"auto, (max-width: 398px) 100vw, 398px\" \/>[\/vc_column_text][vc_column_text]<strong>III. Debate<\/strong><\/p>\n<p>En la etapa de debate, los equipos finalistas realizar\u00e1n una exposici\u00f3n y defensa de sus principales argumentos ante el jurado calificador a trav\u00e9s de una plataforma virtual.[\/vc_column_text][\/vc_column_inner][\/vc_row_inner][vc_row_inner el_class=\u00bbtexta\u00bb][vc_column_inner el_class=\u00bbtexto2&#8243;][vc_column_text css=\u00bb.vc_custom_1641934912332{background-color: #f2f2f2 !important;}\u00bb]<\/p>\n<h5 class=\"LC20lb MBeuO DKV0Md\"><span style=\"color: #01015b;\">El fallo del jurado ser\u00e1 inapelable.\u00a0<\/span><\/h5>\n<p>[\/vc_column_text][\/vc_column_inner][\/vc_row_inner][\/vc_column][\/vc_row]<\/p>\n","protected":false},"excerpt":{"rendered":"<p>[vc_row][vc_column][vc_column_text] El Debate Universitario de Energ\u00eda 2022. [\/vc_column_text][vc_row_inner][vc_column_inner width=\u00bb1\/3&#8243;][vc_column_text css_animation=\u00bbbounceIn\u00bb][\/vc_column_text][vc_column_text]I. Inscripci\u00f3n Durante la etapa de inscripci\u00f3n, los equipos deber\u00e1n elaborar &#8230;<\/p>\n","protected":false},"author":1,"featured_media":725,"parent":0,"menu_order":5,"comment_status":"closed","ping_status":"closed","template":"","meta":{"footnotes":""},"class_list":["post-60","page","type-page","status-publish","has-post-thumbnail","hentry"],"_links":{"self":[{"href":"https:\/\/energiaadebate.com\/due2022\/wp-json\/wp\/v2\/pages\/60","targetHints":{"allow":["GET"]}}],"collection":[{"href":"https:\/\/energiaadebate.com\/due2022\/wp-json\/wp\/v2\/pages"}],"about":[{"href":"https:\/\/energiaadebate.com\/due2022\/wp-json\/wp\/v2\/types\/page"}],"author":[{"embeddable":true,"href":"https:\/\/energiaadebate.com\/due2022\/wp-json\/wp\/v2\/users\/1"}],"replies":[{"embeddable":true,"href":"https:\/\/energiaadebate.com\/due2022\/wp-json\/wp\/v2\/comments?post=60"}],"version-history":[{"count":30,"href":"https:\/\/energiaadebate.com\/due2022\/wp-json\/wp\/v2\/pages\/60\/revisions"}],"predecessor-version":[{"id":741,"href":"https:\/\/energiaadebate.com\/due2022\/wp-json\/wp\/v2\/pages\/60\/revisions\/741"}],"wp:featuredmedia":[{"embeddable":true,"href":"https:\/\/energiaadebate.com\/due2022\/wp-json\/wp\/v2\/media\/725"}],"wp:attachment":[{"href":"https:\/\/energiaadebate.com\/due2022\/wp-json\/wp\/v2\/media?parent=60"}],"curies":[{"name":"wp","href":"https:\/\/api.w.org\/{rel}","templated":true}]}}