{"id":832,"date":"2022-02-09T05:56:05","date_gmt":"2022-02-09T05:56:05","guid":{"rendered":"https:\/\/energiaadebate.com\/due2022\/?page_id=832"},"modified":"2022-02-09T17:48:44","modified_gmt":"2022-02-09T17:48:44","slug":"faqs","status":"publish","type":"page","link":"https:\/\/energiaadebate.com\/due2022\/faqs\/","title":{"rendered":"FAQs"},"content":{"rendered":"<p>[vc_row el_class=\u00bbtblanco\u00bb][vc_column el_class=\u00bbtblanc\u00bb][vc_text_separator title=\u00bbPreguntas frecuentes\u00bb title_align=\u00bbseparator_align_left\u00bb color=\u00bbwhite\u00bb][vc_toggle title=\u00bb\u00bfPuedo participar en pareja o de manera individual?\u00bb style=\u00bbround\u00bb open=\u00bbtrue\u00bb]<\/p>\n<p class=\"p1\">No, debido a la metodolog\u00eda de evaluaci\u00f3n, todos los equipos deben de estar integrados por tres participantes.<\/p>\n<p>[\/vc_toggle][vc_toggle title=\u00bb\u00bfEs posible que los integrantes del equipo pertenezcan a distintas instituciones educativas?\u00bb style=\u00bbround\u00bb]<\/p>\n<p class=\"p1\">S\u00ed, es posible. Sin embargo, deber\u00e1n elegir a cu\u00e1l de las instituciones representar\u00e1n.<\/p>\n<p>[\/vc_toggle][vc_toggle title=\u00bb\u00bfEs necesario que un maestro acompa\u00f1e a las postulaciones de cada equipo?\u00bb style=\u00bbround\u00bb]<\/p>\n<p class=\"p1\">No, no es necesario contar con el acompa\u00f1amiento de alg\u00fan docente.<\/p>\n<p>[\/vc_toggle][vc_toggle title=\u00bb\u00bfPuedo registrarme primero y despu\u00e9s enviar mi propuesta?\u00bb style=\u00bbround\u00bb]<\/p>\n<p class=\"p1\">S\u00ed, puedes registrar primero a tu equipo y posteriormente enviar tu propuesta, siempre y cuando la env\u00edes antes de la fecha l\u00edmite (25 de febrero de 2022).<\/p>\n<p>[\/vc_toggle][vc_toggle title=\u00bb\u00bfEs posible enviar m\u00e1s de una propuesta por equipo?\u00bb style=\u00bbround\u00bb]<\/p>\n<p class=\"p1\">Sugerimos que cada equipo concentre sus esfuerzos en una sola propuesta.<\/p>\n<p>[\/vc_toggle][vc_toggle title=\u00bb\u00bfDeben de salir todos los integrantes del equipo en el video para redes sociales?\u00bb style=\u00bbround\u00bb]<\/p>\n<p class=\"p1\">No, no es necesario que aparezcan todos los integrantes del equipo a cuadro. Solo es necesario que nos cuentes de manera clara y breve tu propuesta.<\/p>\n<p>[\/vc_toggle][vc_toggle title=\u00bb\u00bfEs posible hacer cambios a la propuesta una vez que ya la haya enviado?\u00bb style=\u00bbround\u00bb]<\/p>\n<p class=\"p1\">Una vez enviada tu propuesta, ya no ser\u00e1 posible modificarla.<\/p>\n<p>[\/vc_toggle][vc_toggle title=\u00bb\u00bfTodos los integrantes del equipo deber\u00e1n estar presentes el d\u00eda del debate?\u00bb style=\u00bbround\u00bb]<\/p>\n<p class=\"p1\">S\u00ed. En caso de pasar a las etapas finales del certamen, todos los integrantes del equipo deber\u00e1n conectarse.<\/p>\n<p>[\/vc_toggle][vc_toggle title=\u00bb\u00bfPuedo concursar si soy tesista o si ya cubr\u00ed todos los cr\u00e9ditos de mi licenciatura o posgrado?\u00bb style=\u00bbround\u00bb]<\/p>\n<p class=\"p1\">S\u00ed. Mientras est\u00e9s inscrito a alg\u00fan programa de licenciatura o posgrado, es posible participar.<\/p>\n<p>[\/vc_toggle][\/vc_column][\/vc_row]<\/p>\n","protected":false},"excerpt":{"rendered":"<p>[vc_row el_class=\u00bbtblanco\u00bb][vc_column el_class=\u00bbtblanc\u00bb][vc_text_separator title=\u00bbPreguntas frecuentes\u00bb title_align=\u00bbseparator_align_left\u00bb color=\u00bbwhite\u00bb][vc_toggle title=\u00bb\u00bfPuedo participar en pareja o de manera individual?\u00bb style=\u00bbround\u00bb open=\u00bbtrue\u00bb] No, debido a &#8230;<\/p>\n","protected":false},"author":1,"featured_media":725,"parent":0,"menu_order":2,"comment_status":"closed","ping_status":"closed","template":"","meta":{"footnotes":""},"class_list":["post-832","page","type-page","status-publish","has-post-thumbnail","hentry"],"_links":{"self":[{"href":"https:\/\/energiaadebate.com\/due2022\/wp-json\/wp\/v2\/pages\/832","targetHints":{"allow":["GET"]}}],"collection":[{"href":"https:\/\/energiaadebate.com\/due2022\/wp-json\/wp\/v2\/pages"}],"about":[{"href":"https:\/\/energiaadebate.com\/due2022\/wp-json\/wp\/v2\/types\/page"}],"author":[{"embeddable":true,"href":"https:\/\/energiaadebate.com\/due2022\/wp-json\/wp\/v2\/users\/1"}],"replies":[{"embeddable":true,"href":"https:\/\/energiaadebate.com\/due2022\/wp-json\/wp\/v2\/comments?post=832"}],"version-history":[{"count":9,"href":"https:\/\/energiaadebate.com\/due2022\/wp-json\/wp\/v2\/pages\/832\/revisions"}],"predecessor-version":[{"id":842,"href":"https:\/\/energiaadebate.com\/due2022\/wp-json\/wp\/v2\/pages\/832\/revisions\/842"}],"wp:featuredmedia":[{"embeddable":true,"href":"https:\/\/energiaadebate.com\/due2022\/wp-json\/wp\/v2\/media\/725"}],"wp:attachment":[{"href":"https:\/\/energiaadebate.com\/due2022\/wp-json\/wp\/v2\/media?parent=832"}],"curies":[{"name":"wp","href":"https:\/\/api.w.org\/{rel}","templated":true}]}}