{"id":979,"date":"2022-03-17T22:37:32","date_gmt":"2022-03-17T22:37:32","guid":{"rendered":"https:\/\/energiaadebate.com\/due2022\/?page_id=979"},"modified":"2022-03-18T18:01:37","modified_gmt":"2022-03-18T18:01:37","slug":"ganadores","status":"publish","type":"page","link":"https:\/\/energiaadebate.com\/due2022\/ganadores\/","title":{"rendered":"ganadores"},"content":{"rendered":"<p>[vc_row full_width=\u00bbstretch_row\u00bb full_height=\u00bbyes\u00bb][vc_column][vc_single_image image=\u00bb959&#8243; img_size=\u00bbfull\u00bb alignment=\u00bbcenter\u00bb][vc_column_text]<\/p>\n<h2><span style=\"color: #dbaf00;\">SEMIFINALISTAS LICENCIATURA (Primera fase)<\/span><\/h2>\n<p>[\/vc_column_text][vc_row_inner css=\u00bb.vc_custom_1647299598670{background-color: #f7f7f7 !important;}\u00bb][vc_column_inner width=\u00bb1\/3&#8243;][vc_column_text]<strong>Alejandra Paola Moscoso Mendoza,<\/strong><\/p>\n<p><strong>Carlos Andr\u00e9s Garc\u00eda Caballero,<\/strong><\/p>\n<p><strong>\u00c0ngel Mauricio Garc\u00eda Espinosa<\/strong>[\/vc_column_text][\/vc_column_inner][vc_column_inner width=\u00bb1\/3&#8243;][vc_column_text]<img loading=\"lazy\" decoding=\"async\" class=\"alignnone size-full wp-image-902 aligncenter\" src=\"https:\/\/energiaadebate.com\/due2022\/wp-content\/uploads\/2022\/03\/5.jpg\" alt=\"\" width=\"300\" height=\"103\" \/>[\/vc_column_text][\/vc_column_inner][vc_column_inner width=\u00bb1\/3&#8243;][vc_column_text]<span class=\"s1\">Proyecto: <strong>C<\/strong><\/span><b>reaci\u00f3n de un programa a largo plazo para la transici\u00f2n energ\u00e9tica en el periodo 2024-2036.\u00a0<\/b><\/p>\n<p>Carrera: <strong><span class=\"s1\">Derecho<\/span><\/strong>[\/vc_column_text][\/vc_column_inner][\/vc_row_inner][vc_row_inner][vc_column_inner width=\u00bb1\/3&#8243;][vc_column_text]<strong>Pedro Arce y de la Borbolla;<\/strong><\/p>\n<p><strong>Jos\u00e9 Manuel Ram\u00edrez Guti\u00e9rrez;<\/strong><\/p>\n<p><strong>Erick Ram\u00edrez Rosales<\/strong>[\/vc_column_text][\/vc_column_inner][vc_column_inner width=\u00bb1\/3&#8243;][vc_column_text]<img loading=\"lazy\" decoding=\"async\" class=\"alignnone size-full wp-image-897 aligncenter\" src=\"https:\/\/energiaadebate.com\/due2022\/wp-content\/uploads\/2022\/03\/9.jpg\" alt=\"\" width=\"300\" height=\"103\" \/>[\/vc_column_text][\/vc_column_inner][vc_column_inner width=\u00bb1\/3&#8243;][vc_column_text]<span class=\"s1\">Proyecto: <\/span><span class=\"s1\"><b>Pol\u00edtica p\u00fablica para impulsar las energ\u00edas renovables<\/b><\/span><\/p>\n<p>Carrera: <span class=\"s1\"><b>Ingenier\u00eda Qu\u00edmica; Ingenieria Ambiental; Ingenier\u00eda Mec\u00e1nica<\/b><\/span>[\/vc_column_text][\/vc_column_inner][\/vc_row_inner][vc_row_inner css=\u00bb.vc_custom_1647299786242{background-color: #f2f2f2 !important;}\u00bb][vc_column_inner width=\u00bb1\/3&#8243;][vc_column_text]<strong>Paola Mart\u00ednez Santill\u00e1n,<\/strong><\/p>\n<p><strong>Edgar Vega Chac\u00f3n,<\/strong><\/p>\n<p><strong>Emanuel S\u00e1nchez Belmonte<\/strong>[\/vc_column_text][\/vc_column_inner][vc_column_inner width=\u00bb1\/3&#8243;][vc_column_text]<img loading=\"lazy\" decoding=\"async\" class=\"alignnone size-full wp-image-895 aligncenter\" src=\"https:\/\/energiaadebate.com\/due2022\/wp-content\/uploads\/2022\/03\/1.jpg\" alt=\"\" width=\"300\" height=\"103\" \/>[\/vc_column_text][\/vc_column_inner][vc_column_inner width=\u00bb1\/3&#8243;][vc_column_text]<span class=\"s1\">Proyecto: <strong>Implementaci\u00f3n de biodigestores para la generaci\u00f3n de energ\u00eda el\u00e9ctrica en la comunidad de San Jos\u00e9 de Gracia (Estado de Michoac\u00e1n). <\/strong><\/span><\/p>\n<p>Carrera: <span class=\"s1\"><b>Ingenier\u00eda en Energ\u00edas Renovables<\/b><\/span>[\/vc_column_text][\/vc_column_inner][\/vc_row_inner][vc_row_inner][vc_column_inner width=\u00bb1\/3&#8243;][vc_column_text]<strong>Florencia Garc\u00eda Mora,<\/strong><\/p>\n<p><strong>Juan Morf\u00edn de la Parra,<\/strong><\/p>\n<p><strong>Mariana Trejo Schiefer<\/strong>[\/vc_column_text][\/vc_column_inner][vc_column_inner width=\u00bb1\/3&#8243;][vc_column_text]<img loading=\"lazy\" decoding=\"async\" class=\"alignnone size-full wp-image-900 aligncenter\" src=\"https:\/\/energiaadebate.com\/due2022\/wp-content\/uploads\/2022\/03\/10.jpg\" alt=\"\" width=\"300\" height=\"103\" \/>[\/vc_column_text][\/vc_column_inner][vc_column_inner width=\u00bb1\/3&#8243;][vc_column_text]<span class=\"s1\">Proyecto: <\/span><span class=\"s1\"><b>Modificaci\u00f3n al impuesto a las emisiones de carbono y fondo para generaci\u00f3n distribuida\u00a0<\/b><\/span><\/p>\n<p>Carrera: <span class=\"s1\"><b>Relaciones Internacionales<\/b><\/span>[\/vc_column_text][\/vc_column_inner][\/vc_row_inner][\/vc_column][\/vc_row][vc_row css=\u00bb.vc_custom_1647299956154{background-color: #ededed !important;}\u00bb][vc_column][vc_column_text]<\/p>\n<h2><span style=\"color: #dbaf00;\">SEMIFINALISTAS POSGRADO (Primera fase)<\/span><\/h2>\n<p>[\/vc_column_text][vc_row_inner css=\u00bb.vc_custom_1647299598670{background-color: #f7f7f7 !important;}\u00bb][vc_column_inner width=\u00bb1\/3&#8243;][vc_column_text]<strong>Galv\u00e1n Rico Brenda Lizet,<\/strong><\/p>\n<p><strong>Mart\u00ednez Caba\u00f1as Berenice Anell,<\/strong><\/p>\n<p><strong>Ram\u00edrez Vel\u00e1zquez Paulina<\/strong>[\/vc_column_text][\/vc_column_inner][vc_column_inner width=\u00bb1\/3&#8243;][vc_column_text]<img loading=\"lazy\" decoding=\"async\" class=\"alignnone size-full wp-image-902 aligncenter\" src=\"https:\/\/energiaadebate.com\/due2022\/wp-content\/uploads\/2022\/03\/5.jpg\" alt=\"\" width=\"300\" height=\"103\" \/>[\/vc_column_text][\/vc_column_inner][vc_column_inner width=\u00bb1\/3&#8243;][vc_column_text]<span class=\"s1\">Proyecto: <strong>Pobreza energ\u00e9tica en M\u00e9xico.<\/strong><\/span><\/p>\n<p><span class=\"s1\">Derecho<\/span>[\/vc_column_text][\/vc_column_inner][\/vc_row_inner][vc_row_inner css=\u00bb.vc_custom_1647557866862{background-color: #ffffff !important;}\u00bb][vc_column_inner width=\u00bb1\/3&#8243;][vc_column_text]<strong>Mariana Parrilla G\u00fazman,<\/strong><\/p>\n<p><strong>Jorge Alberto Sierra L\u00f3pez,<\/strong><\/p>\n<p><strong>Andr\u00e9s Acosta Padilla<\/strong>[\/vc_column_text][\/vc_column_inner][vc_column_inner width=\u00bb1\/3&#8243;][vc_column_text]<img loading=\"lazy\" decoding=\"async\" class=\"alignnone size-full wp-image-902 aligncenter\" src=\"https:\/\/energiaadebate.com\/due2022\/wp-content\/uploads\/2022\/03\/5.jpg\" alt=\"\" width=\"300\" height=\"103\" \/>[\/vc_column_text][\/vc_column_inner][vc_column_inner width=\u00bb1\/3&#8243;][vc_column_text]<span class=\"s1\">Proyecto: <\/span><span class=\"s1\"><b>\u00bfC\u00f3mo se podr\u00eda mejorar la efectividad del Estado mexicano en el ejercicio de su multiplicidad de roles?.<\/b><\/span><\/p>\n<p><span class=\"s1\">Derecho<\/span>[\/vc_column_text][\/vc_column_inner][\/vc_row_inner][vc_row_inner css=\u00bb.vc_custom_1647299598670{background-color: #f7f7f7 !important;}\u00bb][vc_column_inner width=\u00bb1\/3&#8243;][vc_column_text]<strong>Carolina Guadalupe Cruz N\u00fa\u00f1ez,<\/strong><\/p>\n<p><strong>Karla Magali Gonz\u00e1lez Carre\u00f3n,<\/strong><\/p>\n<p><strong>Pedro \u00c1ngel Avit\u00faa Varela<\/strong>[\/vc_column_text][\/vc_column_inner][vc_column_inner width=\u00bb1\/3&#8243;][vc_column_text]<img loading=\"lazy\" decoding=\"async\" class=\"alignnone size-full wp-image-902 aligncenter\" src=\"https:\/\/energiaadebate.com\/due2022\/wp-content\/uploads\/2022\/03\/5.jpg\" alt=\"\" width=\"300\" height=\"103\" \/>[\/vc_column_text][\/vc_column_inner][vc_column_inner width=\u00bb1\/3&#8243;][vc_column_text]<span class=\"s1\">Proyecto: <\/span><span class=\"s1\"><b>Inclusi\u00f3n de la Generaci\u00f3n Distribuida como Instrumento y mecanismo de transici\u00f3n energ\u00e9tica.<\/b><\/span><\/p>\n<p><span class=\"s1\">Maestr\u00eda en Energ\u00eda<\/span>[\/vc_column_text][\/vc_column_inner][\/vc_row_inner][vc_row_inner css=\u00bb.vc_custom_1647557878563{background-color: #ffffff !important;}\u00bb][vc_column_inner width=\u00bb1\/3&#8243;][vc_column_text]<strong>Jos\u00e9 de Jes\u00fas Rivera Rodr\u00edguez,<\/strong><\/p>\n<p><strong>Maximiliano L\u00f3pez Moreno,<\/strong><\/p>\n<p><strong>Jorge Alberto Vel\u00e1zquez Hern\u00e1ndez<\/strong>[\/vc_column_text][\/vc_column_inner][vc_column_inner width=\u00bb1\/3&#8243;][vc_column_text]<img loading=\"lazy\" decoding=\"async\" class=\"alignnone size-full wp-image-902 aligncenter\" src=\"https:\/\/energiaadebate.com\/due2022\/wp-content\/uploads\/2022\/03\/5.jpg\" alt=\"\" width=\"300\" height=\"103\" \/>[\/vc_column_text][\/vc_column_inner][vc_column_inner width=\u00bb1\/3&#8243;][vc_column_text]<span class=\"s1\">Proyecto: <\/span><span class=\"s1\"><b>El rol del Estado como regulador: Instaurar a la CRE como \u00f3rgano constitucional aut\u00f3nomo.<\/b><\/span><\/p>\n<p><span class=\"s1\">Derecho Energ\u00e9tico<\/span>[\/vc_column_text][\/vc_column_inner][\/vc_row_inner][\/vc_column][\/vc_row]<\/p>\n","protected":false},"excerpt":{"rendered":"<p>[vc_row full_width=\u00bbstretch_row\u00bb full_height=\u00bbyes\u00bb][vc_column][vc_single_image image=\u00bb959&#8243; img_size=\u00bbfull\u00bb alignment=\u00bbcenter\u00bb][vc_column_text] SEMIFINALISTAS LICENCIATURA (Primera fase) [\/vc_column_text][vc_row_inner css=\u00bb.vc_custom_1647299598670{background-color: #f7f7f7 !important;}\u00bb][vc_column_inner width=\u00bb1\/3&#8243;][vc_column_text]Alejandra Paola Moscoso Mendoza, Carlos Andr\u00e9s &#8230;<\/p>\n","protected":false},"author":1,"featured_media":0,"parent":0,"menu_order":0,"comment_status":"closed","ping_status":"closed","template":"","meta":{"footnotes":""},"class_list":["post-979","page","type-page","status-publish","hentry"],"_links":{"self":[{"href":"https:\/\/energiaadebate.com\/due2022\/wp-json\/wp\/v2\/pages\/979","targetHints":{"allow":["GET"]}}],"collection":[{"href":"https:\/\/energiaadebate.com\/due2022\/wp-json\/wp\/v2\/pages"}],"about":[{"href":"https:\/\/energiaadebate.com\/due2022\/wp-json\/wp\/v2\/types\/page"}],"author":[{"embeddable":true,"href":"https:\/\/energiaadebate.com\/due2022\/wp-json\/wp\/v2\/users\/1"}],"replies":[{"embeddable":true,"href":"https:\/\/energiaadebate.com\/due2022\/wp-json\/wp\/v2\/comments?post=979"}],"version-history":[{"count":3,"href":"https:\/\/energiaadebate.com\/due2022\/wp-json\/wp\/v2\/pages\/979\/revisions"}],"predecessor-version":[{"id":997,"href":"https:\/\/energiaadebate.com\/due2022\/wp-json\/wp\/v2\/pages\/979\/revisions\/997"}],"wp:attachment":[{"href":"https:\/\/energiaadebate.com\/due2022\/wp-json\/wp\/v2\/media?parent=979"}],"curies":[{"name":"wp","href":"https:\/\/api.w.org\/{rel}","templated":true}]}}