{"id":1868,"date":"2024-04-17T16:01:04","date_gmt":"2024-04-17T16:01:04","guid":{"rendered":"https:\/\/energiaadebate.com\/elecciones\/my-home-english-2\/"},"modified":"2024-04-17T18:22:30","modified_gmt":"2024-04-17T18:22:30","slug":"my-home-english-2","status":"publish","type":"page","link":"https:\/\/energiaadebate.com\/elecciones\/en\/my-home-english-2\/","title":{"rendered":"My Home &#8211; English"},"content":{"rendered":"<div class=\"wpb-content-wrapper\"><p>[vc_row el_class=\u00bbtfrow-full-width\u00bb][vc_column]\n\t\t\t<!-- START Home REVOLUTION SLIDER 6.7.1 --><p class=\"rs-p-wp-fix\"><\/p>\n\t\t\t<rs-module-wrap id=\"rev_slider_1_1_wrapper\" data-source=\"gallery\" style=\"visibility:hidden;background:transparent;padding:0;margin:0px auto;margin-top:0;margin-bottom:0;\">\n\t\t\t\t<rs-module id=\"rev_slider_1_1\" style=\"\" data-version=\"6.7.1\">\n\t\t\t\t\t<rs-slides style=\"overflow: hidden; position: absolute;\">\n\t\t\t\t\t\t<rs-slide style=\"position: absolute;\" data-key=\"rs-1\" data-title=\"Slide\" data-in=\"o:0;\" data-out=\"a:false;\">\n\t\t\t\t\t\t\t<img decoding=\"async\" src=\"\/\/energiaadebate.com\/elecciones\/wp-content\/plugins\/revslider\/sr6\/assets\/assets\/dummy.png\" alt=\"\" title=\"elecciones-mexico-2024.jpg\" width=\"1920\" height=\"1024\" class=\"rev-slidebg tp-rs-img rs-lazyload\" data-lazyload=\"\/\/energiaadebate.com\/elecciones\/wp-content\/uploads\/2024\/04\/elecciones-mexico-2024.jpg.webp\" data-no-retina>\n<!---->\t\t\t\t\t<\/rs-slide>\n\t\t\t\t\t<\/rs-slides>\n\t\t\t\t<\/rs-module>\n\t\t\t\t<script>\n\t\t\t\t\tsetREVStartSize({c: 'rev_slider_1_1',rl:[1240,1024,778,480],el:[700],gw:[1170],gh:[700],type:'standard',justify:'',layout:'fullwidth',mh:\"0\"});if (window.RS_MODULES!==undefined && window.RS_MODULES.modules!==undefined && window.RS_MODULES.modules[\"revslider11\"]!==undefined) {window.RS_MODULES.modules[\"revslider11\"].once = false;window.revapi1 = undefined;if (window.RS_MODULES.checkMinimal!==undefined) window.RS_MODULES.checkMinimal()}\n\t\t\t\t<\/script>\n\t\t\t<\/rs-module-wrap>\n\t\t\t<!-- END REVOLUTION SLIDER -->\n[\/vc_column][\/vc_row][vc_row full_width=\u00bbstretch_row\u00bb parallax_speed=\u00bb4&#8243; parallax_x=\u00bb4&#8243; parallax_y=\u00bb4&#8243; css=\u00bb.vc_custom_1712684421153{padding-top: 60px !important;padding-bottom: 60px !important;background-color: #ededed !important;}\u00bb][vc_column][vc_column_text]<\/p>\n<div class=\"RichTextModule\">\n<div class=\"RichTextModule-items\">\n<h3>Do you know the energy proposals of candidates for the presidency of Mexico? Find out in this space what they have in mind to boost Mexican energy sector.<\/h3>\n<\/div>\n<\/div>\n<p>[\/vc_column_text][\/vc_column][\/vc_row][vc_row full_width=\u00bbstretch_row\u00bb parallax_speed=\u00bb4&#8243; parallax_x=\u00bb4&#8243; parallax_y=\u00bb4&#8243; css=\u00bb.vc_custom_1712684421153{padding-top: 60px !important;padding-bottom: 60px !important;background-color: #ededed !important;}\u00bb][vc_column width=\u00bb1\/3&#8243;][vc_single_image image=\u00bb1665&#8243; img_size=\u00bbfull\u00bb alignment=\u00bbcenter\u00bb][vc_single_image image=\u00bb1663&#8243; img_size=\u00bbfull\u00bb alignment=\u00bbcenter\u00bb css=\u00bb.vc_custom_1712684562340{padding-top: 10px !important;padding-bottom: 10px !important;}\u00bb][vc_column_text]<\/p>\n<ul class=\"MosaicPromo-items\">\n<li class=\"MosaicPromo-items-item\">\n<div class=\"RichTextModule\">\n<div class=\"RichTextModule-items\">\n<p>Claudia Sheinbaum Pardo, former head of Government of Mexico City, is Morena&#8217;s presidential candidate in 2024.<\/p>\n<p>She studied Physics at UNAM. She has a master&#8217;s degree and a doctorate in Energy Engineering.<\/p>\n<p>As the founder of her party and an advocate of the \u201cFourth Transformation,\u201d she is one of the most important figures in the movement.<\/p>\n<\/div>\n<\/div>\n<\/li>\n<\/ul>\n<p>[\/vc_column_text][\/vc_column][vc_column width=\u00bb1\/3&#8243;][vc_single_image image=\u00bb1664&#8243; img_size=\u00bbfull\u00bb alignment=\u00bbcenter\u00bb][vc_single_image image=\u00bb1662&#8243; img_size=\u00bbfull\u00bb alignment=\u00bbcenter\u00bb css=\u00bb.vc_custom_1712684569882{padding-top: 10px !important;padding-bottom: 10px !important;}\u00bb][vc_column_text]<\/p>\n<ul class=\"MosaicPromo-items\">\n<li class=\"MosaicPromo-items-item\">\n<div class=\"RichTextModule\">\n<div class=\"RichTextModule-items\">\n<p>Bertha X\u00f3chitl G\u00e1lvez Ruiz was born in Tepatepec, Hidalgo, in 1963. She is 61 years old. She is married and has two children. She is a computer engineer graduated from the UNAM Faculty of Engineering.<\/p>\n<p>She belongs to the PAN Parliamentary Group. She was introduced to politics by former President Vicente Fox, who invited her into his government.<\/p>\n<\/div>\n<\/div>\n<\/li>\n<\/ul>\n<p>[\/vc_column_text][\/vc_column][vc_column width=\u00bb1\/3&#8243;][vc_single_image image=\u00bb1666&#8243; img_size=\u00bbfull\u00bb alignment=\u00bbcenter\u00bb][vc_single_image image=\u00bb1661&#8243; img_size=\u00bbfull\u00bb alignment=\u00bbcenter\u00bb css=\u00bb.vc_custom_1712684577692{padding-top: 10px !important;padding-bottom: 10px !important;}\u00bb][vc_column_text]<\/p>\n<ul class=\"MosaicPromo-items\">\n<li class=\"MosaicPromo-items-item\">\n<div class=\"RichTextModule\">\n<div class=\"RichTextModule-items\">\n<p>Born in Zacatecas on July 8, 1985, he seeks to represent what the Citizen Movement has defended in recent years: youth against what they define as \u201cthe old politics.\u201d He is 38 years old.<\/p>\n<p>He replaced Samuel Garc\u00eda, after his withdrawal from the presidential race. He has a degree in International Relations from ITESO.<\/p>\n<\/div>\n<\/div>\n<\/li>\n<\/ul>\n<p>[\/vc_column_text][\/vc_column][\/vc_row][vc_row full_width=\u00bbstretch_row\u00bb parallax_speed=\u00bb4&#8243; parallax_x=\u00bb4&#8243; parallax_y=\u00bb4&#8243; css=\u00bb.vc_custom_1489136063793{padding-top: 70px !important;padding-bottom: 50px !important;}\u00bb][vc_column][vc_row_inner][vc_column_inner]<div class=\"title-section  style1\">\n\t\t<h1 class=\"title\">\n\t\t\tLast News\t\t\t\n\t\t<\/h1>\t\t\n\t\t\n\n\t<\/div>[vc_empty_space height=\u00bb35px\u00bb][\/vc_column_inner][\/vc_row_inner][vc_row_inner][vc_column_inner width=\u00bb2\/3&#8243;]\n\t\t\t<div class=\"blog-shortcode  blog-grid blog-two-columns has-post-content\">\n\n\t\t\t\n\t\t\t\t        \t<article class=\"entry\">\n\t        \t\t<div class=\"entry-border\">\n\t\t\t\t\t\t<div class=\"featured-post\">\n\t\t\t\t\t\t\t<a href=\"https:\/\/energiaadebate.com\/elecciones\/en\/xochitl-galvez-is-to-open-data-about-dos-bocas\/\">\t\t\t\t\t\t\t\n\t\t\t\t\t\t\t\t<img loading=\"lazy\" decoding=\"async\" width=\"370\" height=\"247\" src=\"https:\/\/energiaadebate.com\/elecciones\/wp-content\/uploads\/2024\/05\/1-dos-bocas-370x247.jpg\" class=\"attachment-themesflat-blog-shortcode size-themesflat-blog-shortcode wp-post-image\" alt=\"\" \/>\t\t\t\t\t\t\t<\/a>\n\t\t\t\t\t\t<\/div>\n\t\t\t\t\t\t<div class=\"content-post\">\n\t\t\t\t\t\t\t<h2><a href=\"https:\/\/energiaadebate.com\/elecciones\/en\/xochitl-galvez-is-to-open-data-about-dos-bocas\/\">Xochitl Galvez is to open data about Dos Bocas<\/a><\/h2>\n\n\t\t\t\t\t\t\t<div class=\"entry-meta clearfix\">\n\t\t\t\t\t\t\t\t<span class=\"entry-date\">28<\/span>\n\t\t\t\t\t\t\t\t<span class=\"entry-month\">May<\/span>\n\t\t\t\t\t\t\t<\/div><!-- .meta-post -->\n\t\t\t\t\t\t\t\n\t\t\t\t\t\t\t\t\t\t\t\t\t\t\t\t\n\t\t\t\t\t\t\t\t<div class=\"entry-content\">\n\n\t\t\t\t\t\t\t\t\tXochitl Galvez Ruiz reiterated commitment to making transparent the information ...\n\t\t\t\t\t\t\t\t\t\n\t\t\t\t\t\t\t\t<\/div>\n\n\t\t\t\t\t\t\t\t\t\t\t\t\t<\/div>\n\t\t\t\t\t<\/div>\n\t\t\t\t<\/article><!-- \/.entry -->\n\n\t\t\t\t        \t<article class=\"entry\">\n\t        \t\t<div class=\"entry-border\">\n\t\t\t\t\t\t<div class=\"featured-post\">\n\t\t\t\t\t\t\t<a href=\"https:\/\/energiaadebate.com\/elecciones\/reitera-xochitl-galvez-abrir-informacion-de-dos-bocas\/\">\t\t\t\t\t\t\t\n\t\t\t\t\t\t\t\t<img loading=\"lazy\" decoding=\"async\" width=\"370\" height=\"247\" src=\"https:\/\/energiaadebate.com\/elecciones\/wp-content\/uploads\/2024\/05\/1-dos-bocas-370x247.jpg\" class=\"attachment-themesflat-blog-shortcode size-themesflat-blog-shortcode wp-post-image\" alt=\"\" \/>\t\t\t\t\t\t\t<\/a>\n\t\t\t\t\t\t<\/div>\n\t\t\t\t\t\t<div class=\"content-post\">\n\t\t\t\t\t\t\t<h2><a href=\"https:\/\/energiaadebate.com\/elecciones\/reitera-xochitl-galvez-abrir-informacion-de-dos-bocas\/\">Reitera X\u00f3chitl G\u00e1lvez abrir informaci\u00f3n de Dos Bocas<\/a><\/h2>\n\n\t\t\t\t\t\t\t<div class=\"entry-meta clearfix\">\n\t\t\t\t\t\t\t\t<span class=\"entry-date\">28<\/span>\n\t\t\t\t\t\t\t\t<span class=\"entry-month\">May<\/span>\n\t\t\t\t\t\t\t<\/div><!-- .meta-post -->\n\t\t\t\t\t\t\t\n\t\t\t\t\t\t\t\t\t\t\t\t\t\t\t\t\n\t\t\t\t\t\t\t\t<div class=\"entry-content\">\n\n\t\t\t\t\t\t\t\t\tX\u00f3chitl G\u00e1lvez Ruiz reiter\u00f3 su compromiso de transparentar la informaci\u00f3n refere...\n\t\t\t\t\t\t\t\t\t\n\t\t\t\t\t\t\t\t<\/div>\n\n\t\t\t\t\t\t\t\t\t\t\t\t\t<\/div>\n\t\t\t\t\t<\/div>\n\t\t\t\t<\/article><!-- \/.entry -->\n\n\t\t\t<\/div>[\/vc_column_inner][vc_column_inner width=\u00bb1\/3&#8243;][vc_widget_sidebar sidebar_id=\u00bbsidebar-home\u00bb][\/vc_column_inner][\/vc_row_inner][\/vc_column][\/vc_row]<\/p>\n<\/div>","protected":false},"excerpt":{"rendered":"<p>[vc_row el_class=\u00bbtfrow-full-width\u00bb][vc_column][\/vc_column][\/vc_row][vc_row full_width=\u00bbstretch_row\u00bb parallax_speed=\u00bb4&#8243; parallax_x=\u00bb4&#8243; parallax_y=\u00bb4&#8243; css=\u00bb.vc_custom_1712684421153{padding-top: 60px !important;padding-bottom: 60px !important;background-color: #ededed !important;}\u00bb][vc_column][vc_column_text] Do you know the energy proposals of candidates for the presidency of Mexico? Find out in this space what they have in mind to boost Mexican energy sector. [\/vc_column_text][\/vc_column][\/vc_row][vc_row full_width=\u00bbstretch_row\u00bb parallax_speed=\u00bb4&#8243; parallax_x=\u00bb4&#8243; parallax_y=\u00bb4&#8243; css=\u00bb.vc_custom_1712684421153{padding-top: 60px !important;padding-bottom: 60px !important;background-color: [&hellip;]<\/p>\n","protected":false},"author":1,"featured_media":0,"parent":0,"menu_order":0,"comment_status":"closed","ping_status":"closed","template":"tpl\/page_fullwidth.php","meta":{"footnotes":""},"class_list":["post-1868","page","type-page","status-publish","hentry"],"_links":{"self":[{"href":"https:\/\/energiaadebate.com\/elecciones\/wp-json\/wp\/v2\/pages\/1868","targetHints":{"allow":["GET"]}}],"collection":[{"href":"https:\/\/energiaadebate.com\/elecciones\/wp-json\/wp\/v2\/pages"}],"about":[{"href":"https:\/\/energiaadebate.com\/elecciones\/wp-json\/wp\/v2\/types\/page"}],"author":[{"embeddable":true,"href":"https:\/\/energiaadebate.com\/elecciones\/wp-json\/wp\/v2\/users\/1"}],"replies":[{"embeddable":true,"href":"https:\/\/energiaadebate.com\/elecciones\/wp-json\/wp\/v2\/comments?post=1868"}],"version-history":[{"count":3,"href":"https:\/\/energiaadebate.com\/elecciones\/wp-json\/wp\/v2\/pages\/1868\/revisions"}],"predecessor-version":[{"id":1902,"href":"https:\/\/energiaadebate.com\/elecciones\/wp-json\/wp\/v2\/pages\/1868\/revisions\/1902"}],"wp:attachment":[{"href":"https:\/\/energiaadebate.com\/elecciones\/wp-json\/wp\/v2\/media?parent=1868"}],"curies":[{"name":"wp","href":"https:\/\/api.w.org\/{rel}","templated":true}]}}