{"id":1128,"date":"2025-03-04T20:03:15","date_gmt":"2025-03-04T20:03:15","guid":{"rendered":"https:\/\/energiaadebate.com\/foro-energia\/?page_id=1128"},"modified":"2025-03-15T04:05:06","modified_gmt":"2025-03-15T04:05:06","slug":"acerca-del-foro","status":"publish","type":"page","link":"https:\/\/energiaadebate.com\/foro-energia\/acerca-del-foro\/","title":{"rendered":"Acerca del foro"},"content":{"rendered":"<div class=\"wpb-content-wrapper\"><p>[vc_row css=&#8221;.vc_custom_1741162244904{background-color: #E4E3E3 !important;}&#8221;][vc_column offset=&#8221;vc_hidden-sm vc_hidden-xs&#8221;][vc_empty_space height=&#8221;170px&#8221;][\/vc_column][\/vc_row][vc_row css=&#8221;.vc_custom_1741162233038{background-color: #E4E3E3 !important;}&#8221;][vc_column][vc_empty_space][vc_column_text css=&#8221;&#8221;]<\/p>\n<h4 style=\"text-align: center;\"><span style=\"color: #740032;\">En un momento crucial del sector energ\u00e9tico nacional, asiste al Foro Plan Energ\u00e9tico Nacional, Perspectivas y Estrategias para dialogar y escuchar de primera mano los pormenores del nuevo modelo de energ\u00eda en nuestro pa\u00eds.<\/span><\/h4>\n<p>[\/vc_column_text][vc_row_inner][vc_column_inner width=&#8221;1\/2&#8243;][vc_column_text css=&#8221;&#8221;]<\/p>\n<h4><span style=\"color: #740032;\">Conferencias y paneles<\/span><\/h4>\n<p>[\/vc_column_text][vc_column_text css=&#8221;&#8221;]El Foro Plan Energ\u00e9tico Nacional, Perspectivas y Estrategias reunir\u00e1 a los principales l\u00edderes, expertos y actores clave del sector energ\u00e9tico mexicano en un espacio de an\u00e1lisis y di\u00e1logo sobre el rumbo de la industria.<\/p>\n<p>Este evento ser\u00e1 el primer foro tras la aprobaci\u00f3n de las leyes secundarias del sector energ\u00e9tico y se realizar\u00e1 durante el proceso de redacci\u00f3n de los reglamentos, lo que lo convierte en un momento crucial para entender el impacto de estos cambios y las oportunidades que definir\u00e1n el futuro de la energ\u00eda en el pa\u00eds.[\/vc_column_text][\/vc_column_inner][vc_column_inner width=&#8221;1\/2&#8243;][vc_column_text css=&#8221;&#8221;]<\/p>\n<h4><span style=\"color: #740032;\">Networking Estrat\u00e9gico<\/span><\/h4>\n<p>[\/vc_column_text][vc_column_text css=&#8221;&#8221;]El Foro Plan Energ\u00e9tico Nacional, Perspectivas y Estrategias tambi\u00e9n es una oportunidad para fortalecer relaciones estrat\u00e9gicas con los actores clave del sector energ\u00e9tico en M\u00e9xico.<\/p>\n<p>Durante el evento, los asistentes podr\u00e1n interactuar con autoridades, legisladores, directivos de la industria, representantes de asociaciones empresariales, as\u00ed como expertos del sector; en un entorno dise\u00f1ado para facilitar el intercambio de ideas y la creaci\u00f3n de alianzas.[\/vc_column_text][\/vc_column_inner][\/vc_row_inner][\/vc_column][\/vc_row][vc_row][vc_column][vc_empty_space height=&#8221;50px&#8221;][vc_column_text css=&#8221;&#8221;]<\/p>\n<h4 style=\"text-align: center;\"><span style=\"color: #740032;\">ES UN ESPACIO PARA EL DI\u00c1LOGO Y LA CREACI\u00d3N DE REDES DE NEGOCIOS<\/span><\/h4>\n<p>[\/vc_column_text][vc_row_inner][vc_column_inner width=&#8221;1\/2&#8243;][vc_column_text css=&#8221;&#8221;]El programa del foro incluir\u00e1 tres <strong>conferencias magistrales<\/strong> y seis<strong> paneles tem\u00e1ticos<\/strong>, dise\u00f1ados para:<\/p>\n<ul>\n<li><strong>Socializar el nuevo marco regulatorio <\/strong>y su impacto en los diferentes actores de la industria.<\/li>\n<li><strong>Comprender los nuevos modelos de participaci\u00f3n <\/strong>en el sector.<\/li>\n<li><strong>Analizar los retos que la nueva administraci\u00f3n de EUA<\/strong> traer\u00e1 consigo y su impacto en la industria.<\/li>\n<\/ul>\n<p>[\/vc_column_text][\/vc_column_inner][vc_column_inner width=&#8221;1\/2&#8243;][vc_column_text css=&#8221;&#8221;]Este espacio brinda la oportunidad de:<\/p>\n<ul>\n<li><strong>Establecer relaciones estrat\u00e9gicas<\/strong> con tomadores de decisiones e influenciadores del sector.<\/li>\n<li><strong>Explorar nuevas oportunidades de negocio<\/strong> con empresas y organizaciones l\u00edderes.<\/li>\n<li><strong>Fortalecer su red de contactos<\/strong> en un momento de definiciones en el sector.<\/li>\n<\/ul>\n<p>[\/vc_column_text][\/vc_column_inner][\/vc_row_inner][\/vc_column][\/vc_row][vc_row css=&#8221;.vc_custom_1741236750255{padding-top: 50px !important;padding-bottom: 50px !important;background-color: #EBE9E9 !important;}&#8221;][vc_column][vc_empty_space][vc_custom_heading text=&#8221;Aliados estrat\u00e9gicos&#8221; font_container=&#8221;tag:h2|text_align:center|color:%23000000&#8243; use_theme_fonts=&#8221;yes&#8221; css_animation=&#8221;fadeIn&#8221; css=&#8221;.vc_custom_1741203293689{margin-bottom: 0px !important;}&#8221;][vc_empty_space][vc_row_inner][vc_column_inner width=&#8221;1\/3&#8243;][vc_column_text css=&#8221;&#8221;]<img loading=\"lazy\" decoding=\"async\" class=\"alignnone size-full wp-image-1402\" src=\"https:\/\/energiaadebate.com\/foro-energia\/wp-content\/uploads\/2025\/03\/engie.png\" alt=\"\" width=\"300\" height=\"117\" \/>[\/vc_column_text][\/vc_column_inner][vc_column_inner width=&#8221;1\/3&#8243;][vc_column_text css=&#8221;&#8221;]<img loading=\"lazy\" decoding=\"async\" class=\"alignnone size-full wp-image-1485 aligncenter\" src=\"https:\/\/energiaadebate.com\/foro-energia\/wp-content\/uploads\/2025\/03\/regulus-1.png\" alt=\"\" width=\"300\" height=\"117\" \/>[\/vc_column_text][\/vc_column_inner][vc_column_inner width=&#8221;1\/3&#8243;][vc_column_text css=&#8221;&#8221;]<img loading=\"lazy\" decoding=\"async\" class=\"alignnone size-full wp-image-1400 aligncenter\" src=\"https:\/\/energiaadebate.com\/foro-energia\/wp-content\/uploads\/2025\/03\/orion-logo-1-300x140-3.png\" alt=\"\" width=\"300\" height=\"117\" \/>[\/vc_column_text][\/vc_column_inner][\/vc_row_inner][vc_row_inner][vc_column_inner width=&#8221;1\/4&#8243;][\/vc_column_inner][vc_column_inner width=&#8221;1\/4&#8243;][vc_column_text css=&#8221;&#8221;]<img loading=\"lazy\" decoding=\"async\" class=\"alignnone size-full wp-image-1404 aligncenter\" src=\"https:\/\/energiaadebate.com\/foro-energia\/wp-content\/uploads\/2025\/03\/AMG.png\" alt=\"\" width=\"300\" height=\"117\" \/>[\/vc_column_text][\/vc_column_inner][vc_column_inner width=&#8221;1\/4&#8243;][vc_column_text css=&#8221;&#8221;]<img loading=\"lazy\" decoding=\"async\" class=\"alignnone size-full wp-image-1381 aligncenter\" src=\"https:\/\/energiaadebate.com\/foro-energia\/wp-content\/uploads\/2025\/03\/agendas-p21-1.png\" alt=\"\" width=\"300\" height=\"117\" \/>[\/vc_column_text][\/vc_column_inner][vc_column_inner width=&#8221;1\/4&#8243;][\/vc_column_inner][\/vc_row_inner][vc_row_inner][vc_column_inner width=&#8221;1\/5&#8243;][vc_column_text css=&#8221;&#8221;]<img loading=\"lazy\" decoding=\"async\" class=\"alignnone size-full wp-image-1325\" src=\"https:\/\/energiaadebate.com\/foro-energia\/wp-content\/uploads\/2025\/03\/iberdrola.png\" alt=\"\" width=\"300\" height=\"117\" \/>[\/vc_column_text][\/vc_column_inner][vc_column_inner width=&#8221;1\/5&#8243;][vc_column_text css=&#8221;&#8221;]<img loading=\"lazy\" decoding=\"async\" class=\"alignnone size-full wp-image-1102 aligncenter\" src=\"https:\/\/energiaadebate.com\/foro-energia\/wp-content\/uploads\/2025\/02\/simens.png\" alt=\"\" width=\"300\" height=\"117\" \/>[\/vc_column_text][\/vc_column_inner][vc_column_inner width=&#8221;1\/5&#8243;][vc_column_text css=&#8221;&#8221;]<img loading=\"lazy\" decoding=\"async\" class=\"alignnone size-full wp-image-1103 aligncenter\" src=\"https:\/\/energiaadebate.com\/foro-energia\/wp-content\/uploads\/2025\/02\/egas.png\" alt=\"\" width=\"300\" height=\"117\" \/>[\/vc_column_text][\/vc_column_inner][vc_column_inner width=&#8221;1\/5&#8243;][vc_column_text css=&#8221;&#8221;]<img loading=\"lazy\" decoding=\"async\" class=\"alignnone size-full wp-image-1347 aligncenter\" src=\"https:\/\/energiaadebate.com\/foro-energia\/wp-content\/uploads\/2025\/03\/enel.png\" alt=\"\" width=\"300\" height=\"117\" \/>[\/vc_column_text][\/vc_column_inner][vc_column_inner width=&#8221;1\/5&#8243;][vc_column_text css=&#8221;&#8221;]<img loading=\"lazy\" decoding=\"async\" class=\"alignnone size-full wp-image-1360 aligncenter\" src=\"https:\/\/energiaadebate.com\/foro-energia\/wp-content\/uploads\/2025\/03\/americ.png\" alt=\"\" width=\"300\" height=\"117\" \/>[\/vc_column_text][\/vc_column_inner][\/vc_row_inner][\/vc_column][\/vc_row]<\/p>\n<\/div>","protected":false},"excerpt":{"rendered":"<p>[vc_row css=&#8221;.vc_custom_1741162244904{background-color: #E4E3E3 !important;}&#8221;][vc_column offset=&#8221;vc_hidden-sm vc_hidden-xs&#8221;][vc_empty_space height=&#8221;170px&#8221;][\/vc_column][\/vc_row][vc_row css=&#8221;.vc_custom_1741162233038{background-color: #E4E3E3 !important;}&#8221;][vc_column][vc_empty_space][vc_column_text css=&#8221;&#8221;] En un momento crucial del sector energ\u00e9tico nacional, asiste al Foro Plan Energ\u00e9tico Nacional, Perspectivas y Estrategias para dialogar y escuchar de primera mano los pormenores del nuevo modelo de energ\u00eda en nuestro pa\u00eds. [\/vc_column_text][vc_row_inner][vc_column_inner width=&#8221;1\/2&#8243;][vc_column_text css=&#8221;&#8221;] Conferencias y paneles [\/vc_column_text][vc_column_text css=&#8221;&#8221;]El Foro Plan [&hellip;]<\/p>\n","protected":false},"author":1,"featured_media":0,"parent":0,"menu_order":0,"comment_status":"closed","ping_status":"closed","template":"page-templates\/template-canvas.php","meta":{"footnotes":""},"class_list":["post-1128","page","type-page","status-publish","hentry"],"_links":{"self":[{"href":"https:\/\/energiaadebate.com\/foro-energia\/wp-json\/wp\/v2\/pages\/1128","targetHints":{"allow":["GET"]}}],"collection":[{"href":"https:\/\/energiaadebate.com\/foro-energia\/wp-json\/wp\/v2\/pages"}],"about":[{"href":"https:\/\/energiaadebate.com\/foro-energia\/wp-json\/wp\/v2\/types\/page"}],"author":[{"embeddable":true,"href":"https:\/\/energiaadebate.com\/foro-energia\/wp-json\/wp\/v2\/users\/1"}],"replies":[{"embeddable":true,"href":"https:\/\/energiaadebate.com\/foro-energia\/wp-json\/wp\/v2\/comments?post=1128"}],"version-history":[{"count":31,"href":"https:\/\/energiaadebate.com\/foro-energia\/wp-json\/wp\/v2\/pages\/1128\/revisions"}],"predecessor-version":[{"id":1493,"href":"https:\/\/energiaadebate.com\/foro-energia\/wp-json\/wp\/v2\/pages\/1128\/revisions\/1493"}],"wp:attachment":[{"href":"https:\/\/energiaadebate.com\/foro-energia\/wp-json\/wp\/v2\/media?parent=1128"}],"curies":[{"name":"wp","href":"https:\/\/api.w.org\/{rel}","templated":true}]}}

<div class="wpb-content-wrapper"><p>[vc_row css=&#8221;.vc_custom_1741162244904{background-color: #E4E3E3 !important;}&#8221;][vc_column offset=&#8221;vc_hidden-sm vc_hidden-xs&#8221;][vc_empty_space height=&#8221;170px&#8221;][/vc_column][/vc_row][vc_row css=&#8221;.vc_custom_1741162233038{background-color: #E4E3E3 !important;}&#8221;][vc_column][vc_empty_space][vc_column_text css=&#8221;&#8221;]</p>
<h4 style="text-align: center;"><span style="color: #740032;">En un momento crucial del sector energético nacional, asiste al Foro Plan Energético Nacional, Perspectivas y Estrategias para dialogar y escuchar de primera mano los pormenores del nuevo modelo de energía en nuestro país.</span></h4>
<p>[/vc_column_text][vc_row_inner][vc_column_inner width=&#8221;1/2&#8243;][vc_column_text css=&#8221;&#8221;]</p>
<h4><span style="color: #740032;">Conferencias y paneles</span></h4>
<p>[/vc_column_text][vc_column_text css=&#8221;&#8221;]El Foro Plan Energético Nacional, Perspectivas y Estrategias reunirá a los principales líderes, expertos y actores clave del sector energético mexicano en un espacio de análisis y diálogo sobre el rumbo de la industria.</p>
<p>Este evento será el primer foro tras la aprobación de las leyes secundarias del sector energético y se realizará durante el proceso de redacción de los reglamentos, lo que lo convierte en un momento crucial para entender el impacto de estos cambios y las oportunidades que definirán el futuro de la energía en el país.[/vc_column_text][/vc_column_inner][vc_column_inner width=&#8221;1/2&#8243;][vc_column_text css=&#8221;&#8221;]</p>
<h4><span style="color: #740032;">Networking Estratégico</span></h4>
<p>[/vc_column_text][vc_column_text css=&#8221;&#8221;]El Foro Plan Energético Nacional, Perspectivas y Estrategias también es una oportunidad para fortalecer relaciones estratégicas con los actores clave del sector energético en México.</p>
<p>Durante el evento, los asistentes podrán interactuar con autoridades, legisladores, directivos de la industria, representantes de asociaciones empresariales, así como expertos del sector; en un entorno diseñado para facilitar el intercambio de ideas y la creación de alianzas.[/vc_column_text][/vc_column_inner][/vc_row_inner][/vc_column][/vc_row][vc_row][vc_column][vc_empty_space height=&#8221;50px&#8221;][vc_column_text css=&#8221;&#8221;]</p>
<h4 style="text-align: center;"><span style="color: #740032;">ES UN ESPACIO PARA EL DIÁLOGO Y LA CREACIÓN DE REDES DE NEGOCIOS</span></h4>
<p>[/vc_column_text][vc_row_inner][vc_column_inner width=&#8221;1/2&#8243;][vc_column_text css=&#8221;&#8221;]El programa del foro incluirá tres <strong>conferencias magistrales</strong> y seis<strong> paneles temáticos</strong>, diseñados para:</p>
<ul>
<li><strong>Socializar el nuevo marco regulatorio </strong>y su impacto en los diferentes actores de la industria.</li>
<li><strong>Comprender los nuevos modelos de participación </strong>en el sector.</li>
<li><strong>Analizar los retos que la nueva administración de EUA</strong> traerá consigo y su impacto en la industria.</li>
</ul>
<p>[/vc_column_text][/vc_column_inner][vc_column_inner width=&#8221;1/2&#8243;][vc_column_text css=&#8221;&#8221;]Este espacio brinda la oportunidad de:</p>
<ul>
<li><strong>Establecer relaciones estratégicas</strong> con tomadores de decisiones e influenciadores del sector.</li>
<li><strong>Explorar nuevas oportunidades de negocio</strong> con empresas y organizaciones líderes.</li>
<li><strong>Fortalecer su red de contactos</strong> en un momento de definiciones en el sector.</li>
</ul>
<p>[/vc_column_text][/vc_column_inner][/vc_row_inner][/vc_column][/vc_row][vc_row css=&#8221;.vc_custom_1741236750255{padding-top: 50px !important;padding-bottom: 50px !important;background-color: #EBE9E9 !important;}&#8221;][vc_column][vc_empty_space][vc_custom_heading text=&#8221;Aliados estratégicos&#8221; font_container=&#8221;tag:h2|text_align:center|color:%23000000&#8243; use_theme_fonts=&#8221;yes&#8221; css_animation=&#8221;fadeIn&#8221; css=&#8221;.vc_custom_1741203293689{margin-bottom: 0px !important;}&#8221;][vc_empty_space][vc_row_inner][vc_column_inner width=&#8221;1/3&#8243;][vc_column_text css=&#8221;&#8221;]<img loading="lazy" decoding="async" class="alignnone size-full wp-image-1402" src="https://energiaadebate.com/foro-energia/wp-content/uploads/2025/03/engie.png" alt="" width="300" height="117" />[/vc_column_text][/vc_column_inner][vc_column_inner width=&#8221;1/3&#8243;][vc_column_text css=&#8221;&#8221;]<img loading="lazy" decoding="async" class="alignnone size-full wp-image-1485 aligncenter" src="https://energiaadebate.com/foro-energia/wp-content/uploads/2025/03/regulus-1.png" alt="" width="300" height="117" />[/vc_column_text][/vc_column_inner][vc_column_inner width=&#8221;1/3&#8243;][vc_column_text css=&#8221;&#8221;]<img loading="lazy" decoding="async" class="alignnone size-full wp-image-1400 aligncenter" src="https://energiaadebate.com/foro-energia/wp-content/uploads/2025/03/orion-logo-1-300x140-3.png" alt="" width="300" height="117" />[/vc_column_text][/vc_column_inner][/vc_row_inner][vc_row_inner][vc_column_inner width=&#8221;1/4&#8243;][/vc_column_inner][vc_column_inner width=&#8221;1/4&#8243;][vc_column_text css=&#8221;&#8221;]<img loading="lazy" decoding="async" class="alignnone size-full wp-image-1404 aligncenter" src="https://energiaadebate.com/foro-energia/wp-content/uploads/2025/03/AMG.png" alt="" width="300" height="117" />[/vc_column_text][/vc_column_inner][vc_column_inner width=&#8221;1/4&#8243;][vc_column_text css=&#8221;&#8221;]<img loading="lazy" decoding="async" class="alignnone size-full wp-image-1381 aligncenter" src="https://energiaadebate.com/foro-energia/wp-content/uploads/2025/03/agendas-p21-1.png" alt="" width="300" height="117" />[/vc_column_text][/vc_column_inner][vc_column_inner width=&#8221;1/4&#8243;][/vc_column_inner][/vc_row_inner][vc_row_inner][vc_column_inner width=&#8221;1/5&#8243;][vc_column_text css=&#8221;&#8221;]<img loading="lazy" decoding="async" class="alignnone size-full wp-image-1325" src="https://energiaadebate.com/foro-energia/wp-content/uploads/2025/03/iberdrola.png" alt="" width="300" height="117" />[/vc_column_text][/vc_column_inner][vc_column_inner width=&#8221;1/5&#8243;][vc_column_text css=&#8221;&#8221;]<img loading="lazy" decoding="async" class="alignnone size-full wp-image-1102 aligncenter" src="https://energiaadebate.com/foro-energia/wp-content/uploads/2025/02/simens.png" alt="" width="300" height="117" />[/vc_column_text][/vc_column_inner][vc_column_inner width=&#8221;1/5&#8243;][vc_column_text css=&#8221;&#8221;]<img loading="lazy" decoding="async" class="alignnone size-full wp-image-1103 aligncenter" src="https://energiaadebate.com/foro-energia/wp-content/uploads/2025/02/egas.png" alt="" width="300" height="117" />[/vc_column_text][/vc_column_inner][vc_column_inner width=&#8221;1/5&#8243;][vc_column_text css=&#8221;&#8221;]<img loading="lazy" decoding="async" class="alignnone size-full wp-image-1347 aligncenter" src="https://energiaadebate.com/foro-energia/wp-content/uploads/2025/03/enel.png" alt="" width="300" height="117" />[/vc_column_text][/vc_column_inner][vc_column_inner width=&#8221;1/5&#8243;][vc_column_text css=&#8221;&#8221;]<img loading="lazy" decoding="async" class="alignnone size-full wp-image-1360 aligncenter" src="https://energiaadebate.com/foro-energia/wp-content/uploads/2025/03/americ.png" alt="" width="300" height="117" />[/vc_column_text][/vc_column_inner][/vc_row_inner][/vc_column][/vc_row]</p>
</div>

<p>[vc_row css=&#8221;.vc_custom_1741162244904{background-color: #E4E3E3 !important;}&#8221;][vc_column offset=&#8221;vc_hidden-sm vc_hidden-xs&#8221;][vc_empty_space height=&#8221;170px&#8221;][/vc_column][/vc_row][vc_row css=&#8221;.vc_custom_1741162233038{background-color: #E4E3E3 !important;}&#8221;][vc_column][vc_empty_space][vc_column_text css=&#8221;&#8221;] En un momento crucial del sector energético nacional, asiste al Foro Plan Energético Nacional, Perspectivas y Estrategias para dialogar y escuchar de primera mano los pormenores del nuevo modelo de energía en nuestro país. [/vc_column_text][vc_row_inner][vc_column_inner width=&#8221;1/2&#8243;][vc_column_text css=&#8221;&#8221;] Conferencias y paneles [/vc_column_text][vc_column_text css=&#8221;&#8221;]El Foro Plan [&hellip;]</p>
