{"id":1149,"date":"2025-03-04T20:33:38","date_gmt":"2025-03-04T20:33:38","guid":{"rendered":"https:\/\/energiaadebate.com\/foro-energia\/?page_id=1149"},"modified":"2025-03-18T05:19:14","modified_gmt":"2025-03-18T05:19:14","slug":"mensaje","status":"publish","type":"page","link":"https:\/\/energiaadebate.com\/foro-energia\/mensaje\/","title":{"rendered":"Mensaje"},"content":{"rendered":"<div class=\"wpb-content-wrapper\"><p>[vc_row css=&#8221;.vc_custom_1741162244904{background-color: #E4E3E3 !important;}&#8221;][vc_column offset=&#8221;vc_hidden-sm vc_hidden-xs&#8221;][vc_empty_space height=&#8221;125px&#8221;][\/vc_column][\/vc_row][vc_row css_animation=&#8221;fadeInLeft&#8221; css=&#8221;.vc_custom_1741162460402{background: #EEECEC url(https:\/\/energiaadebate.com\/foro-energia\/wp-content\/uploads\/2025\/02\/banner.png?id=1109) !important;background-position: center !important;background-repeat: no-repeat !important;background-size: cover !important;}&#8221;][vc_column width=&#8221;2\/3&#8243; el_class=&#8221;align-self-center&#8221;][vc_empty_space height=&#8221;100px&#8221;][vc_column_text css=&#8221;&#8221;]<img loading=\"lazy\" decoding=\"async\" class=\"alignnone wp-image-1195\" src=\"https:\/\/energiaadebate.com\/foro-energia\/wp-content\/uploads\/2025\/03\/senado-2-300x254.png\" alt=\"\" width=\"203\" height=\"172\" srcset=\"https:\/\/energiaadebate.com\/foro-energia\/wp-content\/uploads\/2025\/03\/senado-2-300x254.png 300w, https:\/\/energiaadebate.com\/foro-energia\/wp-content\/uploads\/2025\/03\/senado-2-768x650.png 768w, https:\/\/energiaadebate.com\/foro-energia\/wp-content\/uploads\/2025\/03\/senado-2-770x651.png 770w, https:\/\/energiaadebate.com\/foro-energia\/wp-content\/uploads\/2025\/03\/senado-2-370x313.png 370w, https:\/\/energiaadebate.com\/foro-energia\/wp-content\/uploads\/2025\/03\/senado-2.png 999w\" sizes=\"auto, (max-width: 203px) 100vw, 203px\" \/>[\/vc_column_text][vc_column_text css=&#8221;.vc_custom_1742273650332{margin-bottom: 16px !important;}&#8221;]<span style=\"color: #ffffff;\"><strong>Mensaje de la Senadora Laura Itzel Castillo<\/strong><\/span><br \/>\n<span style=\"color: #ffffff;\"><strong>Presidenta de la Comisi\u00f3n de Energ\u00eda<\/strong><\/span>[\/vc_column_text][vc_empty_space height=&#8221;10px&#8221;][vc_column_text css=&#8221;.vc_custom_1742273504084{margin-bottom: 16px !important;}&#8221;]<span style=\"color: #ffffff;\">Nuestro pa\u00eds se consolida dentro del segundo piso \u00a0la Cuarta Transformaci\u00f3n de la vida p\u00fablica, un proceso en el que el sector energ\u00e9tico juega un papel fundamental.<\/span><\/p>\n<p><span style=\"color: #ffffff;\">Recientemente, en este Senado, aprobamos un nuevo marco regulatorio energ\u00e9tico que devuelve a la Naci\u00f3n la propiedad de sus empresas estrat\u00e9gicas, garantizando que la participaci\u00f3n privada se realice siempre bajo la rector\u00eda del Estado y en beneficio del pueblo de M\u00e9xico.<\/span><\/p>\n<p><span style=\"color: #ffffff;\">Bajo esta premisa, es esencial mantener un di\u00e1logo abierto y constructivo, en el que todos los actores interesados puedan conocer c\u00f3mo integrarse a este nuevo modelo energ\u00e9tico. Por ello, esta C\u00e1mara Alta abre sus puertas al intercambio respetuoso de ideas y a la exposici\u00f3n de la visi\u00f3n que hoy marca el rumbo de nuestro sector.<\/span><\/p>\n<p><span style=\"color: #ffffff;\">Los convocamos a asistir o seguir este foro de di\u00e1logo en el que la empresa y el Estado aportar\u00e1n sus ideas para la construcci\u00f3n de un M\u00e9xico fuerte y soberano, que el pueblo demanda.<\/span>[\/vc_column_text][\/vc_column][vc_column width=&#8221;1\/3&#8243;][vc_row_inner][vc_column_inner offset=&#8221;vc_hidden-sm vc_hidden-xs&#8221;][vc_empty_space height=&#8221;200px&#8221;][\/vc_column_inner][\/vc_row_inner][vc_column_text css=&#8221;&#8221;]<img loading=\"lazy\" decoding=\"async\" class=\"aligncenter wp-image-1591 size-full\" src=\"https:\/\/energiaadebate.com\/foro-energia\/wp-content\/uploads\/2025\/03\/0.jpg\" alt=\"\" width=\"474\" height=\"599\" srcset=\"https:\/\/energiaadebate.com\/foro-energia\/wp-content\/uploads\/2025\/03\/0.jpg 474w, https:\/\/energiaadebate.com\/foro-energia\/wp-content\/uploads\/2025\/03\/0-237x300.jpg 237w, https:\/\/energiaadebate.com\/foro-energia\/wp-content\/uploads\/2025\/03\/0-370x468.jpg 370w\" sizes=\"auto, (max-width: 474px) 100vw, 474px\" \/>[\/vc_column_text][\/vc_column][\/vc_row][vc_row css=&#8221;.vc_custom_1742257851157{background-color: #86003D !important;}&#8221;][vc_column offset=&#8221;vc_hidden-sm vc_hidden-xs&#8221;][vc_empty_space height=&#8221;50px&#8221;][\/vc_column][\/vc_row][vc_row css_animation=&#8221;fadeInLeft&#8221; css=&#8221;.vc_custom_1741162473178{background: #EEECEC url(https:\/\/energiaadebate.com\/foro-energia\/wp-content\/uploads\/2025\/02\/banner.png?id=1109) !important;background-position: center !important;background-repeat: no-repeat !important;background-size: cover !important;}&#8221;][vc_column width=&#8221;5\/12&#8243; el_class=&#8221;align-self-center&#8221;][vc_row_inner][vc_column_inner offset=&#8221;vc_hidden-sm vc_hidden-xs&#8221;][vc_empty_space height=&#8221;100px&#8221;][\/vc_column_inner][\/vc_row_inner][vc_column_text css=&#8221;&#8221;]<img loading=\"lazy\" decoding=\"async\" class=\"aligncenter wp-image-1602 \" src=\"https:\/\/energiaadebate.com\/foro-energia\/wp-content\/uploads\/2025\/03\/Foto-Abril-1.jpg\" alt=\"\" width=\"393\" height=\"497\" srcset=\"https:\/\/energiaadebate.com\/foro-energia\/wp-content\/uploads\/2025\/03\/Foto-Abril-1.jpg 474w, https:\/\/energiaadebate.com\/foro-energia\/wp-content\/uploads\/2025\/03\/Foto-Abril-1-237x300.jpg 237w, https:\/\/energiaadebate.com\/foro-energia\/wp-content\/uploads\/2025\/03\/Foto-Abril-1-370x468.jpg 370w\" sizes=\"auto, (max-width: 393px) 100vw, 393px\" \/>[\/vc_column_text][\/vc_column][vc_column width=&#8221;1\/2&#8243; offset=&#8221;vc_col-lg-offset-1 vc_col-md-offset-1 vc_col-sm-offset-1&#8243; el_class=&#8221;order-first order-md-last mb-4 mb-md-0&#8243;][vc_empty_space height=&#8221;50px&#8221;][vc_column_text css=&#8221;&#8221;]<img loading=\"lazy\" decoding=\"async\" class=\"alignnone wp-image-1200\" src=\"https:\/\/energiaadebate.com\/foro-energia\/wp-content\/uploads\/2025\/03\/ead-300x181.png\" alt=\"\" width=\"151\" height=\"91\" srcset=\"https:\/\/energiaadebate.com\/foro-energia\/wp-content\/uploads\/2025\/03\/ead-300x181.png 300w, https:\/\/energiaadebate.com\/foro-energia\/wp-content\/uploads\/2025\/03\/ead-370x223.png 370w, https:\/\/energiaadebate.com\/foro-energia\/wp-content\/uploads\/2025\/03\/ead.png 450w\" sizes=\"auto, (max-width: 151px) 100vw, 151px\" \/>[\/vc_column_text][vc_empty_space height=&#8221;10px&#8221;][vc_column_text css=&#8221;.vc_custom_1742275015207{margin-bottom: 16px !important;}&#8221;]<span style=\"color: #ffffff;\"><strong>Mensaje de Abril Moreno<\/strong><\/span><br \/>\n<span style=\"color: #ffffff;\"><strong>Directora General de Energ\u00eda a Debate<\/strong><\/span>[\/vc_column_text][vc_empty_space height=&#8221;10px&#8221;][vc_column_text css=&#8221;.vc_custom_1742274377503{margin-bottom: 16px !important;}&#8221;]<span style=\"color: #ffffff;\">El di\u00e1logo, el debate y el intercambio de ideas son pilares fundamentales para la construcci\u00f3n de un sector energ\u00e9tico s\u00f3lido y equitativo. La rector\u00eda del Estado y la participaci\u00f3n del sector privado no son excluyentes; al contrario, su convivencia es esencial para garantizar la justicia energ\u00e9tica y el bienestar social en M\u00e9xico.<\/span><\/p>\n<p><span style=\"color: #ffffff;\">Hoy M\u00e9xico cuenta con un nuevo marco legal en materia energ\u00e9tica. Es momento de dar el siguiente paso: definir la reglamentaci\u00f3n. Los detalles que surjan en este proceso ser\u00e1n la base sobre la cual construiremos un pa\u00eds con energ\u00eda suficiente, sostenible y capaz de enfrentar los desaf\u00edos del presente y del futuro.<\/span><\/p>\n<p><span style=\"color: #ffffff;\">Desde su fundaci\u00f3n en 2004, Energ\u00eda a Debate se ha consolidado como un espacio abierto para el an\u00e1lisis, el intercambio de ideas y el debate informado. Estamos convencidos de que \u00e9ste es un momento clave para que todas las voces sumen su conocimiento y experiencia al desarrollo del pa\u00eds.<\/span><\/p>\n<p><span style=\"color: #ffffff;\">Agradecemos la hospitalidad de la Senadora Laura Itzel Castillo, as\u00ed como de la Comisi\u00f3n de Energ\u00eda y del Senado, por abrir estos espacios de di\u00e1logo maduro y constructivo. De la mano del propio Senado, los invitamos a participar activamente en la construcci\u00f3n del futuro energ\u00e9tico de M\u00e9xico.<\/span>[\/vc_column_text][\/vc_column][\/vc_row][vc_row css=&#8221;.vc_custom_1741236750255{padding-top: 50px !important;padding-bottom: 50px !important;background-color: #EBE9E9 !important;}&#8221;][vc_column][vc_empty_space][vc_custom_heading text=&#8221;Aliados estrat\u00e9gicos&#8221; font_container=&#8221;tag:h2|text_align:center|color:%23000000&#8243; use_theme_fonts=&#8221;yes&#8221; css_animation=&#8221;fadeIn&#8221; css=&#8221;.vc_custom_1741203293689{margin-bottom: 0px !important;}&#8221;][vc_empty_space][vc_row_inner][vc_column_inner width=&#8221;1\/3&#8243;][vc_column_text css=&#8221;&#8221;]<img loading=\"lazy\" decoding=\"async\" class=\"alignnone size-full wp-image-1402\" src=\"https:\/\/energiaadebate.com\/foro-energia\/wp-content\/uploads\/2025\/03\/engie.png\" alt=\"\" width=\"300\" height=\"117\" \/>[\/vc_column_text][\/vc_column_inner][vc_column_inner width=&#8221;1\/3&#8243;][vc_column_text css=&#8221;&#8221;]<img loading=\"lazy\" decoding=\"async\" class=\"alignnone size-full wp-image-1485 aligncenter\" src=\"https:\/\/energiaadebate.com\/foro-energia\/wp-content\/uploads\/2025\/03\/regulus-1.png\" alt=\"\" width=\"300\" height=\"117\" \/>[\/vc_column_text][\/vc_column_inner][vc_column_inner width=&#8221;1\/3&#8243;][vc_column_text css=&#8221;&#8221;]<img loading=\"lazy\" decoding=\"async\" class=\"alignnone size-full wp-image-1400 aligncenter\" src=\"https:\/\/energiaadebate.com\/foro-energia\/wp-content\/uploads\/2025\/03\/orion-logo-1-300x140-3.png\" alt=\"\" width=\"300\" height=\"117\" \/>[\/vc_column_text][\/vc_column_inner][\/vc_row_inner][vc_row_inner][vc_column_inner width=&#8221;1\/4&#8243;][\/vc_column_inner][vc_column_inner width=&#8221;1\/4&#8243;][vc_column_text css=&#8221;&#8221;]<img loading=\"lazy\" decoding=\"async\" class=\"alignnone size-full wp-image-1404 aligncenter\" src=\"https:\/\/energiaadebate.com\/foro-energia\/wp-content\/uploads\/2025\/03\/AMG.png\" alt=\"\" width=\"300\" height=\"117\" \/>[\/vc_column_text][\/vc_column_inner][vc_column_inner width=&#8221;1\/4&#8243;][vc_column_text css=&#8221;&#8221;]<img loading=\"lazy\" decoding=\"async\" class=\"alignnone size-full wp-image-1381 aligncenter\" src=\"https:\/\/energiaadebate.com\/foro-energia\/wp-content\/uploads\/2025\/03\/agendas-p21-1.png\" alt=\"\" width=\"300\" height=\"117\" \/>[\/vc_column_text][\/vc_column_inner][vc_column_inner width=&#8221;1\/4&#8243;][\/vc_column_inner][\/vc_row_inner][vc_row_inner][vc_column_inner width=&#8221;1\/5&#8243;][vc_column_text css=&#8221;&#8221;]<img loading=\"lazy\" decoding=\"async\" class=\"alignnone size-full wp-image-1325\" src=\"https:\/\/energiaadebate.com\/foro-energia\/wp-content\/uploads\/2025\/03\/iberdrola.png\" alt=\"\" width=\"300\" height=\"117\" \/>[\/vc_column_text][\/vc_column_inner][vc_column_inner width=&#8221;1\/5&#8243;][vc_column_text css=&#8221;&#8221;]<img loading=\"lazy\" decoding=\"async\" class=\"alignnone size-full wp-image-1102 aligncenter\" src=\"https:\/\/energiaadebate.com\/foro-energia\/wp-content\/uploads\/2025\/02\/simens.png\" alt=\"\" width=\"300\" height=\"117\" \/>[\/vc_column_text][\/vc_column_inner][vc_column_inner width=&#8221;1\/5&#8243;][vc_column_text css=&#8221;&#8221;]<img loading=\"lazy\" decoding=\"async\" class=\"alignnone size-full wp-image-1103 aligncenter\" src=\"https:\/\/energiaadebate.com\/foro-energia\/wp-content\/uploads\/2025\/02\/egas.png\" alt=\"\" width=\"300\" height=\"117\" \/>[\/vc_column_text][\/vc_column_inner][vc_column_inner width=&#8221;1\/5&#8243;][vc_column_text css=&#8221;&#8221;]<img loading=\"lazy\" decoding=\"async\" class=\"alignnone size-full wp-image-1347 aligncenter\" src=\"https:\/\/energiaadebate.com\/foro-energia\/wp-content\/uploads\/2025\/03\/enel.png\" alt=\"\" width=\"300\" height=\"117\" \/>[\/vc_column_text][\/vc_column_inner][vc_column_inner width=&#8221;1\/5&#8243;][vc_column_text css=&#8221;&#8221;]<img loading=\"lazy\" decoding=\"async\" class=\"alignnone size-full wp-image-1360 aligncenter\" src=\"https:\/\/energiaadebate.com\/foro-energia\/wp-content\/uploads\/2025\/03\/americ.png\" alt=\"\" width=\"300\" height=\"117\" \/>[\/vc_column_text][\/vc_column_inner][\/vc_row_inner][\/vc_column][\/vc_row]<\/p>\n<\/div>","protected":false},"excerpt":{"rendered":"<p>[vc_row css=&#8221;.vc_custom_1741162244904{background-color: #E4E3E3 !important;}&#8221;][vc_column offset=&#8221;vc_hidden-sm vc_hidden-xs&#8221;][vc_empty_space height=&#8221;125px&#8221;][\/vc_column][\/vc_row][vc_row css_animation=&#8221;fadeInLeft&#8221; css=&#8221;.vc_custom_1741162460402{background: #EEECEC url(https:\/\/energiaadebate.com\/foro-energia\/wp-content\/uploads\/2025\/02\/banner.png?id=1109) !important;background-position: center !important;background-repeat: no-repeat !important;background-size: cover !important;}&#8221;][vc_column width=&#8221;2\/3&#8243; el_class=&#8221;align-self-center&#8221;][vc_empty_space height=&#8221;100px&#8221;][vc_column_text css=&#8221;&#8221;][\/vc_column_text][vc_column_text css=&#8221;.vc_custom_1742273650332{margin-bottom: 16px !important;}&#8221;]Mensaje de la Senadora Laura Itzel Castillo Presidenta de la Comisi\u00f3n de Energ\u00eda[\/vc_column_text][vc_empty_space height=&#8221;10px&#8221;][vc_column_text css=&#8221;.vc_custom_1742273504084{margin-bottom: 16px !important;}&#8221;]Nuestro pa\u00eds se consolida dentro del segundo piso \u00a0la Cuarta Transformaci\u00f3n de la vida p\u00fablica, [&hellip;]<\/p>\n","protected":false},"author":1,"featured_media":0,"parent":0,"menu_order":0,"comment_status":"closed","ping_status":"closed","template":"page-templates\/template-canvas.php","meta":{"footnotes":""},"class_list":["post-1149","page","type-page","status-publish","hentry"],"_links":{"self":[{"href":"https:\/\/energiaadebate.com\/foro-energia\/wp-json\/wp\/v2\/pages\/1149","targetHints":{"allow":["GET"]}}],"collection":[{"href":"https:\/\/energiaadebate.com\/foro-energia\/wp-json\/wp\/v2\/pages"}],"about":[{"href":"https:\/\/energiaadebate.com\/foro-energia\/wp-json\/wp\/v2\/types\/page"}],"author":[{"embeddable":true,"href":"https:\/\/energiaadebate.com\/foro-energia\/wp-json\/wp\/v2\/users\/1"}],"replies":[{"embeddable":true,"href":"https:\/\/energiaadebate.com\/foro-energia\/wp-json\/wp\/v2\/comments?post=1149"}],"version-history":[{"count":69,"href":"https:\/\/energiaadebate.com\/foro-energia\/wp-json\/wp\/v2\/pages\/1149\/revisions"}],"predecessor-version":[{"id":1604,"href":"https:\/\/energiaadebate.com\/foro-energia\/wp-json\/wp\/v2\/pages\/1149\/revisions\/1604"}],"wp:attachment":[{"href":"https:\/\/energiaadebate.com\/foro-energia\/wp-json\/wp\/v2\/media?parent=1149"}],"curies":[{"name":"wp","href":"https:\/\/api.w.org\/{rel}","templated":true}]}}